a prime number?
False
Is 5389129 composite?
True
Is 56044451 prime?
True
Is 41541503 composite?
True
Is 8595499 composite?
True
Is 2660719 prime?
True
Is 41420963 a composite number?
False
Is 4539907 a prime number?
True
Is 4826335 a composite number?
True
Is 2896963 prime?
True
Is 65811323 prime?
False
Is 7680971 composite?
True
Is 8681749 composite?
True
Is 2583311 composite?
True
Is 225656077 prime?
True
Is 8514203 prime?
True
Is 562387 a prime number?
False
Is 52780123 composite?
True
Is 81830543 prime?
False
Is 11205511 a composite number?
True
Is 29545811 a composite number?
True
Is 4506601 a prime number?
False
Is 6812681 a composite number?
True
Is 60052099 a composite number?
False
Is 27838289 a prime number?
False
Is 18975277 composite?
True
Is 83226243 prime?
False
Is 1597381 a composite number?
False
Is 202526767 a composite number?
True
Is 929098307 prime?
True
Is 402487 a composite number?
False
Is 173386643 a prime number?
True
Is 1413859 a composite number?
False
Is 4499831 a prime number?
False
Is 2996405 a prime number?
False
Is 3927197 composite?
False
Is 11503355 a prime number?
False
Is 4840379 composite?
False
Is 120043129 a composite number?
True
Is 125814487 composite?
False
Is 15799858 a prime number?
False
Is 10205777 prime?
False
Is 105443 a composite number?
True
Is 6015749 prime?
True
Is 11309351 a prime number?
False
Is 80330143 a prime number?
False
Is 1012264567 a composite number?
False
Is 60044447 a composite number?
True
Is 3817607 a composite number?
False
Is 92868023 a prime number?
False
Is 1906607 composite?
False
Is 3090161 a prime number?
True
Is 1325297 a composite number?
True
Is 1713121 a prime number?
True
Is 353411009 composite?
True
Is 19556323 a composite number?
False
Is 164173 a composite number?
False
Is 67019371 a prime number?
True
Is 11343569 a composite number?
True
Is 4953985 prime?
False
Is 84587401 prime?
True
Is 1034315927 composite?
False
Is 1124243 a composite number?
True
Is 228093 a prime number?
False
Is 2326409 a prime number?
False
Is 106730929 composite?
False
Is 6994387 composite?
False
Is 4867843 a composite number?
False
Is 224908907 a prime number?
True
Is 56681159 a composite number?
False
Is 149878627 prime?
True
Is 6843241 prime?
True
Is 27159217 a prime number?
False
Is 38176183 a prime number?
False
Is 1546399 a prime number?
True
Is 5573641 a prime number?
True
Is 6421865 a prime number?
False
Is 2167831 prime?
False
Is 195187459 a composite number?
False
Is 2568179 a prime number?
False
Is 55565581 composite?
False
Is 39969689 composite?
False
Is 9454867 a composite number?
True
Is 302530429 a prime number?
True
Is 5441603 prime?
False
Is 5853047 composite?
False
Is 64654631 a prime number?
True
Is 36434471 a composite number?
False
Is 1447507 a prime number?
True
Is 289063099 a prime number?
False
Is 932543 a composite number?
True
Is 59350693 a prime number?
True
Is 48496639 prime?
True
Is 109711577 a composite number?
False
Is 11274167 a prime number?
False
Is 87907853 a composite number?
True
Is 15138703 a composite number?
True
Is 466253 a prime number?
False
Is 88960301 a composite number?
True
Is 383801959 a composite number?
False
Is 344441851 composite?
True
Is 175684323 prime?
False
Is 10947023 a composite number?
False
Is 4710523 a composite number?
False
Is 1502597 prime?
False
Is 57200119 prime?
True
Is 3941753 prime?
False
Is 3850499 a composite number?
True
Is 2693321 composite?
False
Is 38431793 a composite number?
True
Is 60119383 a composite number?
False
Is 29126813 a prime number?
True
Is 32020297 prime?
True
Is 1479967 composite?
True
Is 70927687 a composite number?
False
Is 7895387 composite?
False
Is 32055691 prime?
True
Is 232547321 a prime number?
True
Is 12430903 a composite number?
False
Is 394063627 a composite number?
False
Is 128747 a composite number?
False
Is 725179439 prime?
True
Is 110468611 a prime number?
False
Is 39635317 a prime number?
True
Is 5356889 a composite number?
False
Is 936213 a prime number?
False
Is 6479839 a prime number?
False
Is 286665703 a composite number?
False
Is 2185637 composite?
False
Is 251561 a prime number?
True
Is 43271297 a composite number?
False
Is 82455029 a prime number?
False
Is 5088511 a prime number?
True
Is 3783289 a prime number?
False
Is 203895481 prime?
True
Is 3723805 composite?
True
Is 5502041 a prime number?
True
Is 32372089 prime?
True
Is 4741903 composite?
True
Is 12941561 a prime number?
True
Is 1110623 prime?
False
Is 1346611 a prime number?
False
Is 1936663321 a composite number?
False
Is 95228207 composite?
True
Is 1019341 a composite number?
True
Is 969851 a composite number?
False
Is 34579949 a composite number?
True
Is 31381573 a composite number?
True
Is 4599731 prime?
True
Is 28163021 a composite number?
False
Is 1164721853 a prime number?
False
Is 1496554405 prime?
False
Is 7249331 prime?
True
Is 28542391 composite?
False
Is 543506861 a composite number?
False
Is 45868281 composite?
True
Is 6509663 a prime number?
False
Is 155270491 a composite number?
False
Is 5812991 prime?
True
Is 75825949 composite?
False
Is 68754611 composite?
False
Is 12715 a composite number?
True
Is 389548435 a prime number?
False
Is 357209201 prime?
True
Is 6956341 a prime number?
False
Is 61277101 a composite number?
True
Is 1023863 composite?
True
Is 55231637 composite?
True
Is 150990691 a prime number?
True
Is 89754355 prime?
False
Is 120703 a prime number?
False
Is 938965 prime?
False
Is 3899339 prime?
True
Is 2419489 prime?
True
Is 200937923 prime?
False
Is 1710393 composite?
True
Is 52356911 composite?
False
Is 58037071 a composite number?
False
Is 90267167 prime?
True
Is 14797873 prime?
True
Is 4323161 a prime number?
True
Is 89780645 a prime number?
False
Is 5962061 a composite number?
True
Is 3814073 prime?
False
Is 16928165 composite?
True
Is 9553891 a prime number?
True
Is 416262183 a prime number?
False
Is 724815079 a composite number?
False
Is 103435309 a prime number?
True
Is 136837 a prime number?
False
Is 843443 composite?
False
Is 5741639 prime?
False
Is 1857101 a composite number?
False
Is 9611233 composite?
True
Is 25223551 composite?
False
Is 48188533 a prime number?
False
Is 1209671 a composite number?
False
Is 189589481 composite?
False
Is 7672261 a composite number?
False
Is 201582133 composite?
False
Is 848903417 composite?
False
Is 55205662 a composite number?
True
Is 98955127 prime?
True
Is 6074849 prime?
False
Is 2244965 prime?
False
Is 3335039 a prime number?
False
Is 614891011 composite?
True
Is 62944961 prime?
True
Is 129570511 a composite number?
True
Is 418535839 a composite number?
False
Is 20068361 composite?
False
Is 19854381 prime?
False
Is 1711793 a prime number?
True
Is 382883 composite?
False
Is 37721917 prime?
True
Is 5879693 prime?
True
Is 145641239 a prime number?
False
Is 23560871 a composite number?
True
Is 7688003 composite?
True
Is 32017939 a composite number?
True
Is 5935123 a prime number?
True
Is 111301 a prime number?
True
Is 23024609 prime?
True
Is 1230067 composite?
False
Is 1806977 composite?
False
Is 19203277 prime?
True
Is 251155 a prime number?
False
Is 223132709 composite?
False
Is 1863641 a composite number?
True
Is 2158051 composite?
True
Is 23074187 a prime number?
False
Is 2253998 prime?
False
Is 3235159 a composite number?
False
Is 10649 prime?
False
Is 1909913 prime?
False
Is 212029 composite?
False
Is 140972269 a prime number?
True
Is 2381627 prime?
False
Is 292109 a composite number?
True
Is 2861599 prime?
False
Is 42903851 prime?
True
Is 1547173 a prime number?
True
Is 79957 prime?
False
Is 168841367 a prime number?
False
Is 8450483 prime?
True
Is 1617227 a composite number?
True
Is 5801171 prime?
True
Is 57537727 a prime number?
False
Is 2045963 composite?
False
Is 1243691 a composite number?
False
Is 189950259 a prime number?
False
Is 43899343 a composite number?
False
Is 2334863 composite?
False
Is 39803611 a composite number?
False
Is 4879001 a composite number?
True
Is 17212693 a prime number?
True
Is 51859501 composite?
False
Is 17848979 a composite number?
True
Is 142245997 prime?
True
Is 505757 prime?
False
Is 808727 a composite number?
True
Is 54562531 prime?
False
Is 90595727 a composite number?
False
Is 27858269 a compos